51011 (base 6) in base 9?
-56767
What is -111000100 (base 2) in base 6?
-2032
Convert 5d65 (base 16) to base 5.
1231114
What is 2154 (base 6) in base 14?
27c
What is 334 (base 10) in base 12?
23a
691 (base 15) to base 3
2001001
What is -1d4 (base 14) in base 13?
-235
Convert -21333 (base 4) to base 2.
-1001111111
What is -ca10 (base 13) in base 3?
-1102111112
What is -10ca (base 13) in base 12?
-144b
What is -340442 (base 5) in base 11?
-9017
Convert -15b64 (base 15) to base 7.
-411166
-2424 (base 9) to base 14
-92c
What is 12130 (base 5) in base 10?
915
-91c9 (base 14) to base 7
-133042
Convert -485 (base 12) to base 4.
-22211
Convert -89a (base 13) to base 7.
-4212
Convert -5a7 (base 12) to base 15.
-3b7
4651 (base 7) to base 9
2301
What is 1110010000 (base 2) in base 5?
12122
110110 (base 5) to base 14
1540
What is 2c4 (base 16) in base 15?
323
What is 1233 (base 5) in base 8?
301
Convert 1eb (base 16) to base 15.
22b
What is -366 (base 10) in base 3?
-111120
What is -6248 (base 9) in base 10?
-4580
41244 (base 5) to base 16
a8b
23141 (base 5) to base 10
1671
What is 10000011111011 (base 2) in base 10?
8443
Convert 20829 (base 10) to base 13.
9633
761 (base 10) to base 12
535
d5d8 (base 15) to base 16
b093
What is -4608 (base 9) in base 11?
-2620
What is 111110010 (base 2) in base 13?
2c4
What is -14950 (base 11) in base 14?
-799b
998a (base 14) to base 8
63726
Convert -175 (base 12) to base 14.
-129
What is -3038 (base 11) in base 9?
-5472
What is -2227 (base 14) in base 10?
-5915
18614 (base 13) to base 6
1002212
What is 133 (base 4) in base 15?
21
Convert 271 (base 16) to base 12.
441
-311221 (base 4) to base 14
-1373
What is 1051 (base 9) in base 7?
2155
Convert 1130010 (base 5) to base 15.
61a5
c6c8 (base 13) to base 16
6b96
What is -103d (base 15) in base 12?
-1ba1
What is -2a1 (base 16) in base 10?
-673
What is 2 (base 6) in base 10?
2
What is 10550 (base 8) in base 3?
20010001
-17d (base 14) to base 11
-25a
Convert -330121 (base 4) to base 12.
-22a1
-2944 (base 13) to base 7
-23260
Convert 9896 (base 11) to base 14.
4a84
Convert -34557 (base 8) to base 15.
-4553
Convert -61353 (base 8) to base 9.
-37656
122560 (base 8) to base 3
2011002121
Convert 5c3 (base 16) to base 7.
4205
What is 15ba (base 13) in base 10?
3195
2550 (base 8) to base 15
624
-2692 (base 15) to base 5
-230422
-20171 (base 8) to base 14
-305b
What is 44424 (base 7) in base 11?
8453
Convert 3514 (base 6) to base 14.
43c
-203124 (base 5) to base 3
-100010211
What is 2142433 (base 5) in base 12?
19677
What is 251261 (base 7) in base 2?
1011010000010111
-d1b (base 15) to base 5
-43301
-20102 (base 4) to base 13
-31a
What is -53 (base 12) in base 10?
-63
What is 10442 (base 5) in base 7?
2115
Convert -584 (base 13) to base 16.
-3b9
What is -1703 (base 11) in base 7?
-6234
-9118 (base 10) to base 16
-239e
2540 (base 9) to base 12
1123
Convert -200 (base 15) to base 16.
-1c2
2211022 (base 3) to base 6
13312
What is 21b (base 12) in base 2?
100110111
453 (base 10) to base 13
28b
What is 2531 (base 9) in base 8?
3543
What is 79b (base 16) in base 4?
132123
Convert 1103312 (base 4) to base 16.
14f6
-56f (base 16) to base 9
-1815
What is -26553 (base 7) in base 9?
-10716
-13799 (base 10) to base 14
-5059
Convert 43431 (base 8) to base 7.
104031
What is 1104b (base 12) in base 6?
252135
Convert -81 (base 12) to base 6.
-241
Convert 60 (base 15) to base 10.
90
1705 (base 9) to base 3
1210012
-10422 (base 7) to base 8
-5065
bd (base 16) to base 13
117
What is 389 (base 15) in base 8?
1444
Convert -277 (base 8) to base 10.
-191
What is -103333 (base 4) in base 2?
-10011111111
345 (base 10) to base 4
11121
What is 208b9 (base 12) in base 15?
ca10
What is 6405 (base 7) in base 9?
3080
Convert -12 (base 10) to base 15.
-c
What is 136 (base 13) in base 14?
114
-409 (base 12) to base 13
-360
What is 58a (base 13) in base 7?
2540
261011 (base 7) to base 14
138b1
Convert 123211 (base 4) to base 7.
5101
7a (base 16) to base 3
11112
Convert -1030312 (base 4) to base 14.
-1b14
-2130 (base 5) to base 4
-10202
What is 12002 (base 5) in base 10?
877
What is 23422 (base 5) in base 7?
5031
What is 35303 (base 11) in base 16?
c700
159 (base 10) to base 11
135
-4124 (base 5) to base 6
-2255
What is -666 (base 10) in base 15?
-2e6
Convert 2bb (base 12) to base 2.
110101111
11341 (base 5) to base 9
1140
Convert -2967 (base 13) to base 8.
-13560
Convert -430 (base 11) to base 7.
-1336
What is 220111 (base 3) in base 8?
1225
Convert 241155 (base 6) to base 10.
21023
What is -5735 (base 8) in base 3?
-11011111
178 (base 16) to base 5
3001
Convert 6239 (base 13) to base 14.
4d32
What is -6c8 (base 13) in base 8?
-2232
What is 16210 (base 7) in base 2?
1000111010100
What is 113120 (base 4) in base 9?
2042
Convert 33060 (base 12) to base 10.
67464
What is 319 (base 13) in base 7?
1354
Convert 2120 (base 6) to base 10.
480
What is -30998 (base 12) in base 4?
-33202010
-437 (base 16) to base 8
-2067
d00 (base 16) to base 8
6400
What is -782 (base 15) in base 13?
-a07
What is -44250 (base 6) in base 9?
-8383
What is -212134 (base 5) in base 3?
-100211112
-43456 (base 8) to base 16
-472e
-122101010 (base 3) to base 11
-9575
-4d8 (base 16) to base 8
-2330
Convert -caaa (base 13) to base 14.
-a3bc
674 (base 9) to base 11
463
Convert -1283 (base 12) to base 6.
-13443
c3 (base 14) to base 3
20100
-4020 (base 8) to base 2
-100000010000
-10110000110 (base 2) to base 14
-730
Convert 5f4 (base 16) to base 2.
10111110100
What is -10130333 (base 4) in base 13?
-83c0
What is -2504 (base 10) in base 13?
-11a8
What is 126a (base 11) in base 10?
1649
Convert 108860 (base 9) to base 5.
4044313
Convert -369a (base 11) to base 2.
-1001011011100
-40134 (base 5) to base 6
-15440
What is -15cb (base 14) in base 8?
-7477
22315 (base 6) to base 12
199b
Convert 100110101010 (base 2) to base 12.
1522
What is 19538 (base 11) in base 15?
812b
-10011011100 (base 2) to base 14
-64c
Convert 102100011 (base 3) to base 15.
26b1
-9b1a (base 12) to base 15
-513d
-64455 (base 7) to base 16
-3e8e
Convert -31440 (base 7) to base 15.
-2480
Convert 8c4 (base 14) to base 8.
3314
What is 695 (base 10) in base 14?
379
What is -44 (base 12) in base 14?
-3a
What is -139c (base 16) in base 10?
-5020
1039 (base 10) to base 15
494
Convert 1203 (base 7) to base 2.
110111100
What is -811 (base 11) in base 12?
-698
What is -166 (base 12) in base 14?
-11c
Convert 4010 (base 8) to base 3.
2211011
2182 (base 9) to base 13
971
151 (base 13) to base 4
3223
Convert 60606 (base 7) to base 2.
11100101110010
Convert -10011222 (base 3) to base 12.
-1415
What is -10130102 (base 4) in base 2?
-100011100010010
1114 (base 9) to base 8
1467
What is 22c2 (base 16) in base 11?
675a
Convert -4216 (base 13) to base 12.
-5361
100001122 (base 3) to base 11
4a65
What is 1e5f (base 16) in base 9?
11588
Convert 2002120 (base 3) to base 7.
4311
-2ad1 (base 16) to base 14
-3dcd
What is -435434 (base 6) in base 10?
-36238
221002 (base 3) to base 4
22211
What is 101010110 (base 2) in base 11?
291
What is 2102020 (base 3) in base 10?
1761
-3967 (base 11) to base 5
-131110
24645 (base 9) to base 16
40b5
Convert 556a (base 14) to base 2.
11100111001010
-11142 (base 7) to base 6
-21023
-675 (base 14) to base 16
-4ff
What is -224 (base 9) in base 15?
-c4
-302133 (base 4) to base 9
-4380
What is -31131 (base 4) in base 10?
-861
What is 10051 (base 9) in base 15?
1e57
Convert -10100101001100 (base 2) to base 3.
-112111120
Convert -6165 (base 8) to base 11.
-243a
Convert -3160 (base 13) to base 12.
-3b5a
Convert 756 (base 8) to base 6.
2142
Convert 2211002 (base 4) to base 8.
24502
Convert -1210 (base 8) to base 14.
-344
Convert -4034 (base 9) to base 12.
-1857
What is -2012110 (base 3) in base 16?
-645
Convert -161b (base 14) to base 13.
-1a46
12 (base 8) to base 3
101
-7a66 (base 13) to base 14
-6373
What is 112210 (base 3) in base 12?
293
Convert 2253 (base 12) to base 10.
3807
Convert -11011110110 (base 2) to base 9.
-2400
2011102 (base 3) to base 12
ab5
11200 (base 5) to base 11
668
-4b49 (base 14) to base 3
-200002210
Convert 6127 (base 9) to base 2.
1000110000000
Convert -3638 (base 9) to base 16.
-a94
Convert -5650 (base 13) to base 12.
-6b94
Convert 131 (base 12) to base 10.
18